{"id":670,"date":"2024-09-07T23:57:32","date_gmt":"2024-09-07T23:57:32","guid":{"rendered":"https:\/\/www.escuelanormasiso.com\/?page_id=670"},"modified":"2024-11-28T11:16:28","modified_gmt":"2024-11-28T11:16:28","slug":"noticia-importante","status":"publish","type":"page","link":"https:\/\/www.escuelanormasiso.com\/","title":{"rendered":"Bienvenidos a la Escuela Normas"},"content":{"rendered":"\n<h2 class=\"wp-block-heading\"><strong>Liderando el Camino hacia la Excelencia en Gesti\u00f3n y Certificaci\u00f3n Internacional<\/strong><\/h2>\n\n\n\n<p>En la <strong>Escuela Normas ISO<\/strong>, somos el referente en formaci\u00f3n y capacitaci\u00f3n en sistemas de gesti\u00f3n. Nuestro compromiso es empoderar a individuos y organizaciones con conocimientos pr\u00e1cticos, herramientas efectivas y certificaciones que transforman el futuro.<\/p>\n\n\n\n<h2 class=\"wp-block-heading\"><strong>\u00bfPor qu\u00e9 elegirnos?<\/strong><\/h2>\n\n\n\n<p><strong>Somos expertos en lo que hacemos. <\/strong><br>Contamos con un equipo de instructores altamente capacitados, liderados por profesionales con experiencia comprobada en el campo de la auditor\u00eda y la gesti\u00f3n.<\/p>\n\n\n\n<p><strong>Metodolog\u00eda Innovadora<\/strong><br>Con nuestro exclusivo modelo <strong>Inverted Prime<\/strong>, formamos auditores de manera din\u00e1mica y eficiente, comenzando con las competencias clave para auditar cualquier norma.<\/p>\n\n\n\n<p><strong>Certificaci\u00f3n Internacional de nuestros cursos<\/strong><br>Ofrecemos programas acreditados por la Fundaci\u00f3n Internacional para la Mejora Continua, dise\u00f1ados para cumplir con las exigencias del mercado global.<\/p>\n\n\n\n<h2 class=\"wp-block-heading\"><strong>Nuestros Cursos y Programas<\/strong><\/h2>\n\n\n\n<p><strong>Cursos T\u00e9cnicos y Talleres Pr\u00e1cticos<\/strong><br>Aprende de manera directa sobre huella de carbono, econom\u00eda circular, gesti\u00f3n de riesgos, y auditor\u00edas avanzadas en norma ISO<\/p>\n\n\n\n<p><strong>Formaci\u00f3n de Auditores L\u00edderes<\/strong><br>Capacitaci\u00f3n en ISO 9001, ISO 14001, ISO 45001, ISO 22000 y m\u00e1s. Modalidades: presencial, virtual y asincr\u00f3nica.<br><em>Duraci\u00f3n<\/em>: 120 horas <br><em>Certificaci\u00f3n Internacional Incluida<\/em><\/p>\n\n\n\n<p><strong>Diplomados y t\u00edtulos propios<\/strong><\/p>\n\n\n\n<ul class=\"wp-block-list\">\n<li>Administraci\u00f3n de Negocios Familiares<\/li>\n\n\n\n<li>Comercio Internacional<\/li>\n\n\n\n<li>Gesti\u00f3n de Recursos Humanos<\/li>\n\n\n\n<li>Administraci\u00f3n Mar\u00edtima<\/li>\n<\/ul>\n\n\n\n<p><\/p>\n","protected":false},"excerpt":{"rendered":"<p>Liderando el Camino hacia la Excelencia en Gesti\u00f3n y Certificaci\u00f3n Internacional En la Escuela Normas ISO, somos el referente en formaci\u00f3n y capacitaci\u00f3n en sistemas de gesti\u00f3n. Nuestro compromiso es empoderar a individuos y organizaciones con conocimientos pr\u00e1cticos, herramientas efectivas y certificaciones que transforman el futuro. \u00bfPor qu\u00e9 elegirnos? Somos expertos en lo que hacemos.&hellip; <br \/> <a class=\"read-more\" href=\"https:\/\/www.escuelanormasiso.com\/\">Leer m\u00e1s<\/a><\/p>\n","protected":false},"author":1,"featured_media":0,"parent":0,"menu_order":0,"comment_status":"closed","ping_status":"closed","template":"","meta":{"footnotes":""},"class_list":["post-670","page","type-page","status-publish","hentry"],"_links":{"self":[{"href":"https:\/\/www.escuelanormasiso.com\/index.php\/wp-json\/wp\/v2\/pages\/670","targetHints":{"allow":["GET"]}}],"collection":[{"href":"https:\/\/www.escuelanormasiso.com\/index.php\/wp-json\/wp\/v2\/pages"}],"about":[{"href":"https:\/\/www.escuelanormasiso.com\/index.php\/wp-json\/wp\/v2\/types\/page"}],"author":[{"embeddable":true,"href":"https:\/\/www.escuelanormasiso.com\/index.php\/wp-json\/wp\/v2\/users\/1"}],"replies":[{"embeddable":true,"href":"https:\/\/www.escuelanormasiso.com\/index.php\/wp-json\/wp\/v2\/comments?post=670"}],"version-history":[{"count":2,"href":"https:\/\/www.escuelanormasiso.com\/index.php\/wp-json\/wp\/v2\/pages\/670\/revisions"}],"predecessor-version":[{"id":682,"href":"https:\/\/www.escuelanormasiso.com\/index.php\/wp-json\/wp\/v2\/pages\/670\/revisions\/682"}],"wp:attachment":[{"href":"https:\/\/www.escuelanormasiso.com\/index.php\/wp-json\/wp\/v2\/media?parent=670"}],"curies":[{"name":"wp","href":"https:\/\/api.w.org\/{rel}","templated":true}]}}