{"id":87,"date":"2021-04-23T00:17:59","date_gmt":"2021-04-23T00:17:59","guid":{"rendered":"https:\/\/www.escuelanormasiso.com\/?page_id=87"},"modified":"2022-12-01T03:52:47","modified_gmt":"2022-12-01T03:52:47","slug":"mision-vision-valores","status":"publish","type":"page","link":"https:\/\/www.escuelanormasiso.com\/index.php\/mision-vision-valores\/","title":{"rendered":"Misi\u00f3n, Visi\u00f3n, Valores"},"content":{"rendered":"\n<h2 class=\"wp-block-heading\">Misi\u00f3n, Visi\u00f3n, Valores<\/h2>\n\n\n\n<h3 class=\"wp-block-heading\">Misi\u00f3n<\/h3>\n\n\n\n<p>Potenciar y desarrollar las habilidades y conocimientos del talento humano mediante acciones formativas por competencia en el campo de la administraci\u00f3n de negocios, sistemas de gesti\u00f3n y entrenamiento mar\u00edtimo.<\/p>\n\n\n\n<h3 class=\"wp-block-heading\">Visi\u00f3n<\/h3>\n\n\n\n<p>Convertinos en un lapso de cinco a\u00f1os en una organizaci\u00f3n l\u00edder en el continente latinoamericano en materia de formaci\u00f3n del talento humano.<\/p>\n\n\n\n<h3 class=\"wp-block-heading\">Valores<\/h3>\n\n\n\n<ul class=\"wp-block-list\">\n<li><strong>Honestidad<\/strong>, creemos que la honestidad es la base de las relaciones de confianza por lo que obramos en consecuencia;<\/li>\n\n\n\n<li><strong>Responsabilidad,<\/strong> en Escuela Norma ISO cuidamos de nosotros y de nuestros clientes, en respuesta a la confianza que ellos depositan en nosotros.<\/li>\n\n\n\n<li><strong>Precios cuidados<\/strong>, creemos en una econom\u00eda libre, como un derecho inalienable de la humanidad; sin embargo, consideramos fundamental los precios sean establecidos de manera responsable, cuidando los m\u00e1rgenes de utilidades de manera que los servicios que se prestan representen valor y sustentabilidad para ambos lados de la balanza.<\/li>\n\n\n\n<li><strong>Equidad<\/strong>, consideramos que el favoritismo en el trato entre las personas es perjudicial para alguien m\u00e1s, por ese motivo nuestras acciones se basan en s\u00f3lidos principios de equidad y equilibrio.<\/li>\n\n\n\n<li><strong>Integridad<\/strong>, en Escuela Normas ISO buscamos ser \u00edntegros en nuestras acciones, aun cuando nadie nos observe y creemos en hacer lo correcto de manera de incorporar la honestidad y la verdad en lo que hacemos.<\/li>\n<\/ul>\n\n\n\n<h3 class=\"wp-block-heading\">Pol\u00edtica de la Calidad<\/h3>\n\n\n\n<p><a href=\"http:\/\/escuelanormasiso.com\/circulares\/Circular_NR-003-Comunica-la-Politica.pdf\" target=\"_blank\" rel=\"noreferrer noopener\">Descargue ac\u00e1 la Pol\u00edtica de la Calidad<\/a><\/p>\n\n\n\n<h3 class=\"wp-block-heading\">Alcance del Sistema de Gesti\u00f3n de la Calidad<\/h3>\n\n\n\n<p><a href=\"http:\/\/escuelanormasiso.com\/circulares\/Circular_NR-002-Comunica-el-alcance-del-SGC.pdf\" target=\"_blank\" rel=\"noreferrer noopener\">Descargue ac\u00e1 el alcance del sistema de gesti\u00f3n de la calidad<\/a><\/p>\n\n\n<p><script>(function(a,m,o,c,r,m){a[m]={id:\"205372\",hash:\"1fc4cef38107e947a315646d7be03bb345c92cf1b07db773969ee94d73d93c20\",locale:\"es\",inline:false,setMeta:function(p){this.params=(this.params||[]).concat([p])}};a[o]=a[o]||function(){(a[o].q=a[o].q||[]).push(arguments)};var d=a.document,s=d.createElement('script');s.async=true;s.id=m+'_script';s.src='https:\/\/gso.kommo.com\/js\/button.js?1669865096';d.head&&d.head.appendChild(s)}(window,0,'amoSocialButton',0,0,'amo_social_button'));<\/script><\/p>\n","protected":false},"excerpt":{"rendered":"<p>Misi\u00f3n, Visi\u00f3n, Valores Misi\u00f3n Potenciar y desarrollar las habilidades y conocimientos del talento humano mediante acciones formativas por competencia en el campo de la administraci\u00f3n de negocios, sistemas de gesti\u00f3n y entrenamiento mar\u00edtimo. Visi\u00f3n Convertinos en un lapso de cinco a\u00f1os en una organizaci\u00f3n l\u00edder en el continente latinoamericano en materia de formaci\u00f3n del talento&hellip; <br \/> <a class=\"read-more\" href=\"https:\/\/www.escuelanormasiso.com\/index.php\/mision-vision-valores\/\">Leer m\u00e1s<\/a><\/p>\n","protected":false},"author":1,"featured_media":0,"parent":0,"menu_order":0,"comment_status":"closed","ping_status":"closed","template":"","meta":{"footnotes":""},"class_list":["post-87","page","type-page","status-publish","hentry"],"_links":{"self":[{"href":"https:\/\/www.escuelanormasiso.com\/index.php\/wp-json\/wp\/v2\/pages\/87","targetHints":{"allow":["GET"]}}],"collection":[{"href":"https:\/\/www.escuelanormasiso.com\/index.php\/wp-json\/wp\/v2\/pages"}],"about":[{"href":"https:\/\/www.escuelanormasiso.com\/index.php\/wp-json\/wp\/v2\/types\/page"}],"author":[{"embeddable":true,"href":"https:\/\/www.escuelanormasiso.com\/index.php\/wp-json\/wp\/v2\/users\/1"}],"replies":[{"embeddable":true,"href":"https:\/\/www.escuelanormasiso.com\/index.php\/wp-json\/wp\/v2\/comments?post=87"}],"version-history":[{"count":3,"href":"https:\/\/www.escuelanormasiso.com\/index.php\/wp-json\/wp\/v2\/pages\/87\/revisions"}],"predecessor-version":[{"id":448,"href":"https:\/\/www.escuelanormasiso.com\/index.php\/wp-json\/wp\/v2\/pages\/87\/revisions\/448"}],"wp:attachment":[{"href":"https:\/\/www.escuelanormasiso.com\/index.php\/wp-json\/wp\/v2\/media?parent=87"}],"curies":[{"name":"wp","href":"https:\/\/api.w.org\/{rel}","templated":true}]}}