{"id":96,"date":"2021-04-23T00:45:43","date_gmt":"2021-04-23T00:45:43","guid":{"rendered":"https:\/\/www.escuelanormasiso.com\/?page_id=96"},"modified":"2022-12-01T03:48:41","modified_gmt":"2022-12-01T03:48:41","slug":"alcance-y-politica","status":"publish","type":"page","link":"https:\/\/www.escuelanormasiso.com\/index.php\/alcance-y-politica\/","title":{"rendered":"Alcance y Pol\u00edtica"},"content":{"rendered":"\n<h2 class=\"wp-block-heading\">Alcance del SGC y Pol\u00edtica de la Calidad<\/h2>\n\n\n\n<h3 class=\"wp-block-heading\">Alcance del SGC<\/h3>\n\n\n\n<p>El <a href=\"http:\/\/escuelanormasiso.com\/circulares\/Circular_NR-002-Comunica-el-alcance-del-SGC.pdf\" target=\"_blank\" rel=\"noreferrer noopener\">alcance del sistema de gesti\u00f3n de la calidad de Seatam Holding S.A<\/a>. (Escuela Normas ISO \/ Seatam Learning) es el dise\u00f1o y desarrollo de programas de formaci\u00f3n continua en el campo de la administraci\u00f3n de negocios, sistemas de gesti\u00f3n y entrenamiento mar\u00edtimo.<\/p>\n\n\n\n<p>Estos servicios se prestan al talento humano en general, de manera remota o presencial, a trav\u00e9s de una plataforma educativa o en nuestras instalaciones ubicadas en Legi\u00f3n Civil Extranjera 486, Asunci\u00f3n, Paraguay.<\/p>\n\n\n\n<p>(Design and development of continuing education programs in the field of business, management systems and maritime training)<\/p>\n\n\n\n<h3 class=\"wp-block-heading\">Pol\u00edtica de la Calidad<\/h3>\n\n\n\n<p><a href=\"http:\/\/escuelanormasiso.com\/circulares\/Circular_NR-003-Comunica-la-Politica.pdf\" target=\"_blank\" rel=\"noreferrer noopener\">La Pol\u00edtica de la calidad de Seatam Holding S.A. <\/a>(Escuela Normas ISO \/ Seatam Learning), es establecida, implementada y mantenida con el prop\u00f3sito de orientar nuestra direcci\u00f3n estrat\u00e9gica y que adem\u00e1s permita ser un marco de referencia para el establecimiento de los objetivos de la calidad; Mediante esta pol\u00edtica, nuestra organizaci\u00f3n se compromete de manera irrestricta con cumplir todos los requisitos legales que sean pertinentes; con mejorar continuamente nuestro sistema de gesti\u00f3n de la calidad con el prop\u00f3sito de gestionar nuestros procesos relacionados con el dise\u00f1o y desarrollo de programas de formaci\u00f3n continua en el campo de la administraci\u00f3n de negocios, sistemas de gesti\u00f3n y entrenamiento mar\u00edtimo de manera eficaz.<\/p>\n\n\n\n<p>Con el prop\u00f3sito de cumplir lo anterior, nos comprometemos a:<\/p>\n\n\n\n<ol class=\"wp-block-list\" type=\"a\">\n<li>Mantener recursos humanos cualificados y competentes en las tareas que desempe\u00f1an;<\/li>\n\n\n\n<li>Analizar los requisitos de nuestros clientes con el prop\u00f3sito de determinar nuestra idoneidad para darles cumplimiento;<\/li>\n\n\n\n<li>Asignar los recursos necesarios para el cumplimiento de nuestra misi\u00f3n.<\/li>\n\n\n\n<li>Analizar los requisitos legales pertinentes con el prop\u00f3sito de determinarlos y cumplirlos<\/li>\n\n\n\n<li>Dise\u00f1ar acciones de capacitaci\u00f3n eficaces y eficientes<\/li>\n\n\n\n<li>Mantener la infraestructura necesaria para la operaci\u00f3n de nuestros procesos y lograr la conformidad de los servicios que brindamos.<\/li>\n<\/ol>\n\n\n<p><script>(function(a,m,o,c,r,m){a[m]={id:\"205372\",hash:\"1fc4cef38107e947a315646d7be03bb345c92cf1b07db773969ee94d73d93c20\",locale:\"es\",inline:false,setMeta:function(p){this.params=(this.params||[]).concat([p])}};a[o]=a[o]||function(){(a[o].q=a[o].q||[]).push(arguments)};var d=a.document,s=d.createElement('script');s.async=true;s.id=m+'_script';s.src='https:\/\/gso.kommo.com\/js\/button.js?1669865096';d.head&&d.head.appendChild(s)}(window,0,'amoSocialButton',0,0,'amo_social_button'));<\/script><\/p>\n","protected":false},"excerpt":{"rendered":"<p>Alcance del SGC y Pol\u00edtica de la Calidad Alcance del SGC El alcance del sistema de gesti\u00f3n de la calidad de Seatam Holding S.A. (Escuela Normas ISO \/ Seatam Learning) es el dise\u00f1o y desarrollo de programas de formaci\u00f3n continua en el campo de la administraci\u00f3n de negocios, sistemas de gesti\u00f3n y entrenamiento mar\u00edtimo. Estos&hellip; <br \/> <a class=\"read-more\" href=\"https:\/\/www.escuelanormasiso.com\/index.php\/alcance-y-politica\/\">Leer m\u00e1s<\/a><\/p>\n","protected":false},"author":1,"featured_media":0,"parent":0,"menu_order":0,"comment_status":"closed","ping_status":"closed","template":"","meta":{"footnotes":""},"class_list":["post-96","page","type-page","status-publish","hentry"],"_links":{"self":[{"href":"https:\/\/www.escuelanormasiso.com\/index.php\/wp-json\/wp\/v2\/pages\/96","targetHints":{"allow":["GET"]}}],"collection":[{"href":"https:\/\/www.escuelanormasiso.com\/index.php\/wp-json\/wp\/v2\/pages"}],"about":[{"href":"https:\/\/www.escuelanormasiso.com\/index.php\/wp-json\/wp\/v2\/types\/page"}],"author":[{"embeddable":true,"href":"https:\/\/www.escuelanormasiso.com\/index.php\/wp-json\/wp\/v2\/users\/1"}],"replies":[{"embeddable":true,"href":"https:\/\/www.escuelanormasiso.com\/index.php\/wp-json\/wp\/v2\/comments?post=96"}],"version-history":[{"count":2,"href":"https:\/\/www.escuelanormasiso.com\/index.php\/wp-json\/wp\/v2\/pages\/96\/revisions"}],"predecessor-version":[{"id":440,"href":"https:\/\/www.escuelanormasiso.com\/index.php\/wp-json\/wp\/v2\/pages\/96\/revisions\/440"}],"wp:attachment":[{"href":"https:\/\/www.escuelanormasiso.com\/index.php\/wp-json\/wp\/v2\/media?parent=96"}],"curies":[{"name":"wp","href":"https:\/\/api.w.org\/{rel}","templated":true}]}}