{"id":192,"date":"2021-05-06T23:20:28","date_gmt":"2021-05-06T23:20:28","guid":{"rendered":"http:\/\/www.escuelanormasiso.com\/index.php\/producto\/album-2\/"},"modified":"2021-05-06T23:27:45","modified_gmt":"2021-05-06T23:27:45","slug":"album-2","status":"publish","type":"product","link":"https:\/\/www.escuelanormasiso.com\/index.php\/producto\/album-2\/","title":{"rendered":"101 Introducci\u00f3n a la norma ISO 9001:2015"},"content":{"rendered":"<p><img loading=\"lazy\" decoding=\"async\" class=\"alignnone size-medium wp-image-193\" src=\"http:\/\/www.escuelanormasiso.com\/wp-content\/uploads\/2021\/05\/101-into-9001-1-300x172.png\" alt=\"\" width=\"300\" height=\"172\" srcset=\"https:\/\/www.escuelanormasiso.com\/wp-content\/uploads\/2021\/05\/101-into-9001-1-300x172.png 300w, https:\/\/www.escuelanormasiso.com\/wp-content\/uploads\/2021\/05\/101-into-9001-1-600x344.png 600w, https:\/\/www.escuelanormasiso.com\/wp-content\/uploads\/2021\/05\/101-into-9001-1.png 750w\" sizes=\"auto, (max-width: 300px) 100vw, 300px\" \/><\/p>\n","protected":false},"excerpt":{"rendered":"<p><strong>INTRODUCCI\u00d3N A LA NORMA ISO 9001:2015<\/strong><\/p>\n<p>Nuestro curso de introducci\u00f3n a la norma ISO 9001:2015 entrega al alumno de una manera c\u00f3moda, organizada y simple los conceptos esenciales de la gesti\u00f3n de la calidad basados en el est\u00e1ndar internacional ISO 9001:2015.<\/p>\n<p>De este modo, los participantes adquirir\u00e1n las competencias elementales que les permitir\u00e1n gestionar los principios de la calidad, los requisitos documentales y procesos inherentes a un sistema de gesti\u00f3n de la calidad.<\/p>\n<p>A trav\u00e9s de nuestro curso el alumno obtiene los conocimientos necesarios en materia de gesti\u00f3n ISO que le permitan desenvolverse en su entorno laboral con eficacia y profesionalismo.<\/p>\n","protected":false},"featured_media":193,"comment_status":"closed","ping_status":"closed","template":"","meta":[],"product_cat":[18],"product_tag":[],"class_list":{"0":"post-192","1":"product","2":"type-product","3":"status-publish","4":"has-post-thumbnail","6":"product_cat-introduccion-normas-iso","8":"first","9":"instock","10":"virtual","11":"purchasable","12":"product-type-simple"},"_links":{"self":[{"href":"https:\/\/www.escuelanormasiso.com\/index.php\/wp-json\/wp\/v2\/product\/192","targetHints":{"allow":["GET"]}}],"collection":[{"href":"https:\/\/www.escuelanormasiso.com\/index.php\/wp-json\/wp\/v2\/product"}],"about":[{"href":"https:\/\/www.escuelanormasiso.com\/index.php\/wp-json\/wp\/v2\/types\/product"}],"replies":[{"embeddable":true,"href":"https:\/\/www.escuelanormasiso.com\/index.php\/wp-json\/wp\/v2\/comments?post=192"}],"wp:featuredmedia":[{"embeddable":true,"href":"https:\/\/www.escuelanormasiso.com\/index.php\/wp-json\/wp\/v2\/media\/193"}],"wp:attachment":[{"href":"https:\/\/www.escuelanormasiso.com\/index.php\/wp-json\/wp\/v2\/media?parent=192"}],"wp:term":[{"taxonomy":"product_cat","embeddable":true,"href":"https:\/\/www.escuelanormasiso.com\/index.php\/wp-json\/wp\/v2\/product_cat?post=192"},{"taxonomy":"product_tag","embeddable":true,"href":"https:\/\/www.escuelanormasiso.com\/index.php\/wp-json\/wp\/v2\/product_tag?post=192"}],"curies":[{"name":"wp","href":"https:\/\/api.w.org\/{rel}","templated":true}]}}